12685?
1
What is the ten millions digit of 48560492?
4
What is the ten millions digit of 33173559?
3
What is the thousands digit of 392593137?
3
What is the hundreds digit of 276809987?
9
What is the hundred millions digit of 2457255164?
4
What is the hundred thousands digit of 661096331?
0
What is the hundreds digit of 35053440?
4
What is the hundred thousands digit of 260822986?
8
What is the ten thousands digit of 2762784059?
8
What is the ten millions digit of 64782799?
6
What is the hundred thousands digit of 11945732?
9
What is the units digit of 626697080?
0
What is the thousands digit of 654130934?
0
What is the hundred thousands digit of 277585951?
5
What is the ten millions digit of 16668123?
1
What is the ten millions digit of 123433366?
2
What is the ten millions digit of 621232795?
2
What is the billions digit of 1255381445?
1
What is the hundreds digit of 1530837309?
3
What is the hundred millions digit of 3110555258?
1
What is the units digit of 299333584?
4
What is the units digit of 1462882974?
4
What is the tens digit of 1378759545?
4
What is the ten millions digit of 1201772658?
0
What is the units digit of 225883317?
7
What is the hundreds digit of 323789101?
1
What is the hundreds digit of 829795970?
9
What is the ten millions digit of 3325319243?
2
What is the ten millions digit of 123701511?
2
What is the units digit of 35972773?
3
What is the ten millions digit of 1601953997?
0
What is the thousands digit of 156035253?
5
What is the thousands digit of 1474678999?
8
What is the ten millions digit of 20260165?
2
What is the hundred thousands digit of 899590972?
5
What is the ten thousands digit of 16881340?
8
What is the thousands digit of 1211503046?
3
What is the ten millions digit of 3356454871?
5
What is the millions digit of 9956575?
9
What is the hundred thousands digit of 316116717?
1
What is the ten millions digit of 1996237379?
9
What is the thousands digit of 515177783?
7
What is the hundred millions digit of 1005617520?
0
What is the thousands digit of 513622844?
2
What is the hundreds digit of 41310938?
9
What is the ten millions digit of 297618584?
9
What is the ten millions digit of 844336419?
4
What is the tens digit of 1265413795?
9
What is the thousands digit of 125862390?
2
What is the ten millions digit of 222867575?
2
What is the tens digit of 383492035?
3
What is the hundreds digit of 130709852?
8
What is the hundred millions digit of 172273297?
1
What is the hundreds digit of 218606064?
0
What is the millions digit of 59429229?
9
What is the ten thousands digit of 21681018?
8
What is the hundred millions digit of 586502287?
5
What is the millions digit of 22990301?
2
What is the ten millions digit of 296453511?
9
What is the tens digit of 8877541755?
5
What is the tens digit of 67133115?
1
What is the thousands digit of 534667053?
7
What is the hundreds digit of 471162510?
5
What is the ten thousands digit of 1161874990?
7
What is the hundred millions digit of 247389127?
2
What is the tens digit of 2306630345?
4
What is the hundred millions digit of 154294116?
1
What is the hundred millions digit of 147869896?
1
What is the ten millions digit of 804826135?
0
What is the ten thousands digit of 349711300?
1
What is the ten thousands digit of 15387423?
8
What is the hundred millions digit of 308556395?
3
What is the millions digit of 716292277?
6
What is the thousands digit of 4001717?
1
What is the tens digit of 612834352?
5
What is the units digit of 74661988?
8
What is the millions digit of 37181269?
7
What is the hundred thousands digit of 68287125?
2
What is the hundred millions digit of 1160037798?
1
What is the millions digit of 818383798?
8
What is the ten thousands digit of 2763740728?
4
What is the ten millions digit of 1555715429?
5
What is the tens digit of 89289996?
9
What is the units digit of 1576138485?
5
What is the thousands digit of 2480076872?
6
What is the hundred thousands digit of 551713958?
7
What is the thousands digit of 42537137?
7
What is the tens digit of 47622719?
1
What is the units digit of 310197156?
6
What is the tens digit of 822043729?
2
What is the tens digit of 125491685?
8
What is the units digit of 13285177?
7
What is the hundreds digit of 1063957821?
8
What is the ten millions digit of 15847578?
1
What is the hundred thousands digit of 37234528?
2
What is the ten millions digit of 30396757?
3
What is the ten thousands digit of 83711533?
1
What is the thousands digit of 64964925?
4
What is the units digit of 124790689?
9
What is the ten thousands digit of 2674968?
7
What is the billions digit of 7107870029?
7
What is the hundreds digit of 5034005?
0
What is the millions digit of 316353027?
6
What is the tens digit of 178940637?
3
What is the millions digit of 731435950?
1
What is the billions digit of 1560670601?
1
What is the thousands digit of 840281774?
1
What is the hundred thousands digit of 1044917205?
9
What is the ten millions digit of 23412118?
2
What is the units digit of 2062778496?
6
What is the hundred thousands digit of 7837135?
8
What is the ten millions digit of 302528048?
0
What is the ten thousands digit of 65175113?
7
What is the thousands digit of 540947404?
7
What is the units digit of 36528441?
1
What is the units digit of 670903958?
8
What is the units digit of 1443011733?
3
What is the thousands digit of 168650845?
0
What is the millions digit of 199290781?
9
What is the thousands digit of 35944143?
4
What is the tens digit of 554464768?
6
What is the ten millions digit of 281554848?
8
What is the hundred millions digit of 117414994?
1
What is the ten millions digit of 246147551?
4
What is the hundreds digit of 103434752?
7
What is the ten thousands digit of 340489040?
8
What is the ten thousands digit of 39961944?
6
What is the units digit of 1210414027?
7
What is the thousands digit of 31659352?
9
What is the units digit of 49838417?
7
What is the ten millions digit of 54532085?
5
What is the thousands digit of 36031207?
1
What is the hundred thousands digit of 269417370?
4
What is the billions digit of 1170385780?
1
What is the units digit of 22292358?
8
What is the hundreds digit of 144254890?
8
What is the thousands digit of 151034128?
4
What is the ten millions digit of 631565373?
3
What is the units digit of 43390269?
9
What is the hundreds digit of 41480461?
4
What is the ten millions digit of 1595181487?
9
What is the units digit of 49328687?
7
What is the hundred thousands digit of 127067842?
0
What is the ten millions digit of 702309923?
0
What is the millions digit of 39287802?
9
What is the ten thousands digit of 77125266?
2
What is the ten millions digit of 27036029?
2
What is the thousands digit of 23138598?
8
What is the ten millions digit of 1237432469?
3
What is the hundred thousands digit of 108101458?
1
What is the hundred thousands digit of 13502107?
5
What is the billions digit of 1719401898?
1
What is the ten thousands digit of 382625756?
2
What is the tens digit of 9625531?
3
What is the units digit of 1793338185?
5
What is the hundred millions digit of 851027197?
8
What is the millions digit of 5832904?
5
What is the billions digit of 1558541404?
1
What is the tens digit of 40398836?
3
What is the hundreds digit of 56454698?
6
What is the ten thousands digit of 96953736?
5
What is the hundreds digit of 249411656?
6
What is the millions digit of 2337907869?
7
What is the units digit of 2766972233?
3
What is the millions digit of 200794988?
0
What is the ten thousands digit of 532358751?
5
What is the thousands digit of 211198606?
8
What is the millions digit of 87216663?
7
What is the ten thousands digit of 977806890?
0
What is the hundreds digit of 12796366?
3
What is the hundred thousands digit of 4921813?
9
What is the hundreds digit of 6184975?
9
What is the units digit of 116344411?
1
What is the hundred thousands digit of 1015006605?
0
What is the thousands digit of 1943529101?
9
What is the units digit of 43929970?
0
What is the hundred thousands digit of 27434871?
4
What is the ten millions digit of 51114878?
5
What is the units digit of 33509805?
5
What is the units digit of 781761175?
5
What is the units digit of 971357686?
6
What is the hundred millions digit of 134198966?
1
What is the ten thousands 